= b - 29, 5*b - 5*c + 25 = 0. Let v(p) = p**2 - 3*p - 20. List the prime factors of v(b).
2, 5
Let h be 30/(-9)*-3 + -3. Let g(o) = 3*o**2. Let k be g(1). Suppose -h*y = -k*y - 152. What are the prime factors of y?
2, 19
Let r(w) = 3*w**3 + 4*w**2 - w + 12. Let q be r(4). What are the prime factors of 6*(-2 + q/9)?
2, 41
Suppose -4*x = -4*v - 28, 2*v + 5 = x - 4. Let b(j) = -j**2 + 5*j. Let n(p) = -4*p - 1. Let r(t) = -4*b(t) - 3*n(t). List the prime factors of r(x).
3, 7
Suppose 3*g + 0 = 2*a - 3, -a + 3*g + 3 = 0. Suppose -3*o + o - 14 = a. List the prime factors of 28 - (1 + 3 + o).
31
Let z(h) = -4*h - 4. Let y be z(-2). Let f be (17 - -1)*y/(-8). Let i = f + 21. What are the prime factors of i?
2, 3
Suppose -r - 9 + 33 = 0. Suppose -r*j + 22*j + 482 = 0. List the prime factors of j.
241
Suppose -68*f = 8*f - 159752. List the prime factors of f.
2, 1051
List the prime factors of 1189147/517 + (-2)/22.
2, 5, 23
Let g(q) = -q**2 - 2*q - 2. Let m be (0 + 1)/(1/(-3)). Let z be g(m). What are the prime factors of (-107)/z - (-4)/(-10)?
3, 7
Suppose 4*b = 5*a + 112 - 6, a = 4*b - 114. Suppose -b*h + 1040 = -24*h. What are the prime factors of h?
2, 13
Suppose 49 = -4*a + 17. Let i = 13 + a. Suppose 0 = -i*b - 4*s + 59, -3*b + 2*s = -9 - 44. List the prime factors of b.
3, 5
Let m = 0 - -6. Let t(n) = -n**2 + 8*n - 6. Let y be t(m). What are the prime factors of 44/y*3/2?
11
Suppose -2*k + 2*t = -10, -2 = -4*k + 3*t + 13. Suppose k*n - n = -2*z + 77, -3*n = -2*z + 75. What are the prime factors of z?
3, 13
Let y = -747 - -782. What are the prime factors of y?
5, 7
Let o be (-1)/(-2)*(7 + 1). Suppose -5*j + 5 = o*n, -4*n = -8*j + 3*j + 5. Suppose 3*x - 36 - 48 = n. List the prime factors of x.
2, 7
Suppose 4*u - 5*z + 80 = 0, 6*z - 4*z = 4*u + 68. Let a(k) = -3*k + 14. List the prime factors of a(u).
59
Suppose -7*r + 1643 = -254. List the prime factors of r.
271
Let j = 3178 + -2267. List the prime factors of j.
911
Suppose 5*j = 4*z, 2*j = -2*j + 3*z + 1. Suppose -a + j*h = -2*a + 14, -2*a + 3*h + 6 = 0. List the prime factors of a.
2, 3
What are the prime factors of 176/(-308) + (1 - 498/(-14))?
2, 3
Let w = 123 + -108. Let m be 1*35*(2 - 1). Let h = m - w. List the prime factors of h.
2, 5
Suppose -825 = -5*g + 10*m - 15*m, 5*g - 811 = 2*m. List the prime factors of g.
163
Let a(t) = -2*t + 8. Suppose -x - 3*x - 40 = 0. Let g be a(x). Suppose g - 7 = w. What are the prime factors of w?
3, 7
Let m(o) = -o**3 + 8*o**2 - 11*o + 8. Let x be m(7). List the prime factors of -4*(188/x)/(2/5).
2, 47
Let o be (36/10)/(9/30). Suppose -3*d - y = -o, -d + 7*y - 12 = 2*y. Suppose -18 = -4*r - 0*v + 2*v, d*v + 9 = -3*r. What are the prime factors of r?
2
Suppose 0 = -y - 3*v - 12 - 92, 0 = 3*y + 3*v + 312. Let s = 200 - y. What are the prime factors of s?
2, 19
What are the prime factors of (52/39)/((-4)/(-15003))?
3, 1667
Let d(j) = j**2 + 5*j - 7. Let y be d(-9). Let s = -7 + y. Suppose 40 + s = 2*n. What are the prime factors of n?
31
Let r(o) = -o**3 + 10*o**2 - 8. Let k be r(10). Let f = k + 72. List the prime factors of f.
2
Let v(y) = -5*y**2 + y. Let s(l) = -2*l - 7. Let c be s(-4). Let x be v(c). What are the prime factors of x*6/(-8) - -35?
2, 19
Let f be 0/(2/(-5) + 9/(-15)). Suppose 5*r - 14*r + 558 = f. List the prime factors of r.
2, 31
Let h be (2/(-4))/(3/(-18)). Suppose h*o = 29 - 17. Let j(v) = v**2 - 4*v + 4. What are the prime factors of j(o)?
2
Suppose -2*l - 2*j - 6 = -26, 2*l = 2*j + 8. Suppose f + 1590 = l*f. What are the prime factors of f?
5, 53
Let o(m) = -168*m + 12. List the prime factors of o(-2).
2, 3, 29
Let q be (123/(-11) - 8/(-44)) + 2. What are the prime factors of 3 - 34*q/6?
2, 3
Suppose 4*v = 14 + 30. Suppose -v + 59 = 2*h. Suppose -4*c = -0*c - h. List the prime factors of c.
2, 3
Let r(s) = 3*s**2 + 4*s - 11. Suppose -x - 9 - 5 = -5*n, -x = 5*n - 26. What are the prime factors of r(x)?
11
List the prime factors of 39/(-6)*118*-6.
2, 3, 13, 59
Suppose -2*v - 3*m = -1101, 58*v + 2*m = 59*v - 533. What are the prime factors of v?
3, 181
List the prime factors of 4373/3 + 23/69.
2, 3
Let u(w) = -13*w. Let m be u(-10). Suppose m = b + 23. List the prime factors of b.
107
Let j be -1 - (-8380)/36 - 4/(-18). Let x = 367 - j. What are the prime factors of x?
3, 5
Let a = -423 - -548. List the prime factors of a.
5
What are the prime factors of ((-1555)/15 + 5)*-12?
2, 37
Suppose -53 = -4*c + 3. Let f be 29/(-2) + c/28. List the prime factors of (-468)/(-7) + (-2)/f.
67
Let p be (1/2)/(1/(-2)). Suppose 4*r = -5*w - 10 - 33, -5*w - 64 = -3*r. Let k = p - w. List the prime factors of k.
2, 5
Let v(d) = -d**3 + 2*d**2 - d - 49. Let m be v(0). Let k be 3 - (-2 - -6)*m. Suppose -8*y = -81 - k. What are the prime factors of y?
5, 7
Suppose 3*r - r + 623 = d, -5*d + 3087 = -3*r. Suppose -8*i + d = -3*i. List the prime factors of i/18 - (-3)/18.
7
Let o(z) = -z - 6. Let x be o(-8). Let r = 3 + 8. Suppose -5*s - b + r = -x*s, 4*s - 5*b - 2 = 0. List the prime factors of s.
3
Let o(j) = 2*j**3 + j**2 + 2*j + 3. Suppose -19 = -5*r + 1. What are the prime factors of o(r)?
5, 31
Suppose q - 12 = -2*q. Suppose -9*y = -q*y - 160. Suppose 3*h - 40 = y. List the prime factors of h.
2, 3
List the prime factors of (-2418)/(-2) - (-74 + 74).
3, 13, 31
Let w(x) = -x**3 - 7*x**2 - 7*x - 4. Let f(j) be the first derivative of 3*j**2/2 + 9*j + 4. Let n be f(-5). List the prime factors of w(n).
2
Let l(p) = -p**3 - 6*p**2 + 3*p + 3. Let m be l(-3). Suppose 5*w - 21 = -81. Let t = w - m. What are the prime factors of t?
3, 7
Let t(q) = 14*q**2 + 45*q + 345. What are the prime factors of t(-6)?
3, 193
Let x(l) = -8*l**2 - 1. Let v be x(1). Let p(b) = -b + 12. What are the prime factors of p(v)?
3, 7
Let m be 1*(-52)/(-12)*3. Let r be 12*m/(-2) - -3. Let h = -34 - r. List the prime factors of h.
41
Suppose -3*c + 20*a - 15*a + 379 = 0, 4*c + 5*a = 447. What are the prime factors of c?
2, 59
Let g(o) = -2*o**2 + 7*o - 1. Let x be g(3). Suppose 0 = -2*c - x, 3*h - h + c - 37 = 0. List the prime factors of h.
19
Let m(b) be the first derivative of b**3/3 + 4*b**2 + 7*b + 5. Let d be m(-7). Suppose -2*l + 36 = -d*l. List the prime factors of l.
2, 3
Suppose z - 23 = -53. What are the prime factors of (-2832)/z + -6 + (-4)/10?
2, 11
Let l(a) = 268*a - 198. What are the prime factors of l(5)?
2, 571
Suppose 3*s + 430 = -2*s. Let l = 17 - s. What are the prime factors of l?
103
Let y(k) = -k**3 - 6*k**2 + 5*k + 7. Let c be y(-7). List the prime factors of 84/c + 0 + 201.
5, 41
Suppose -7*i - 3*n = -5*i - 1525, -i - n + 760 = 0. What are the prime factors of i?
5, 151
Suppose 2*c - 492 = -2*h, 2*h - h - 732 = -3*c. What are the prime factors of c?
3
Suppose -4 = -i, -4*b + 1824 = -3*i - 0*i. What are the prime factors of b?
3, 17
Let c be (-30)/(-4) - (-1)/(-2). Suppose -28 = -40*n + 36*n. Let j = c + n. List the prime factors of j.
2, 7
Let k(m) = -2 - m**3 + 16 + 9*m**2 - 10*m - 2. Let w be k(8). List the prime factors of 143/5 - w/10.
29
Let i(a) be the third derivative of -a**7/630 + a**6/72 - 3*a**5/20 - 2*a**2. Let k(p) be the third derivative of i(p). List the prime factors of k(-3).
2, 17
Suppose -41*i + 38*i - s + 4706 = 0, -4*i - s = -6275. What are the prime factors of i?
3, 523
Suppose -831 + 13381 = 25*p. List the prime factors of p.
2, 251
Suppose -v = -3*c + 239 - 1112, -4331 = -5*v - 2*c. List the prime factors of v.
3, 17
Let o(h) = -31*h + 21. Let n be o(-12). Suppose q + n = 3*v + 2*v, -v - 4*q = -87. What are the prime factors of v?
79
Suppose 25007 = 30*f + 1427. What are the prime factors of f?
2, 3, 131
Let f(x) = -5*x - 12. Let z be f(-3). Suppose z*l - 199 - 65 = 0. What are the prime factors of l?
2, 11
Let v(p) = 8*p**2 - 2*p + 14. Let l(x) = -6*x - 3. Let u be l(-1). What are the prime factors of v(u)?
2, 5
Let h(s) = 245*s**2 - 13*s - 24. List the prime factors of h(-2).
2, 491
Suppose 66*y = -14*y + 248560. What are the prime factors of y?
13, 239
Suppose 0 = 13*p - 987 - 1613. List the prime factors of p.
2, 5
Suppose 0 = -x - 3 + 7. Suppose 3*s - 5*c = 126, 136 = x*s - 0*s + 4*c. What are the prime factors of (-2 + -2 - -2) + s?
5, 7
Let h(w) = 8*w**2 - 10. Let v = 24 - 27. What are the prime factors of h(v)?
2, 31
Suppose -